{"id":3729,"date":"2017-08-30T12:35:29","date_gmt":"2017-08-30T12:35:29","guid":{"rendered":"https:\/\/techossolares.minenergia.cl\/?page_id=3729"},"modified":"2018-07-30T13:20:52","modified_gmt":"2018-07-30T13:20:52","slug":"test-login","status":"publish","type":"page","link":"https:\/\/techossolares.minenergia.cl\/?page_id=3729","title":{"rendered":"Monitoreo"},"content":{"rendered":"<h4>Acceso P\u00fablico al Sistema de Monitoreo<\/h4>\n<p>Para acceder al perfil p\u00fablico de la Plataforma de Monitoreo, por favor haga click en el siguiente bot\u00f3n de acceso<\/p>\n<p><script type=\"text\/javascript\" language=\"javascript\">\n$(document).ready(function () { \n    document.getElementById(\"vcomUsernamePublico\").value = \"publico\";\n    document.getElementById(\"vcomPasswordPublico\").value = \"publicoptsp\";\n});\n<\/script><\/p>\n<form id=\"vcomLogin\" accept-charset=\"UTF-8\" action=\"https:\/\/www1.meteocontrol.de\/vcom\/login\/process\" method=\"post\" target=\"_blank\">\n<p><input id=\"vcomUsernamePublico\" maxlength=\"50\" name=\"username\" type=\"hidden\" \/><\/p>\n<p><input id=\"vcomPasswordPublico\" maxlength=\"50\" name=\"password\" type=\"hidden\" \/><br \/>\n<input alt=\"Submit Form\" src=\"https:\/\/techossolares.minenergia.cl\/wp-content\/uploads\/2017\/08\/Untitled02.png\" type=\"image\" \/><\/p>\n<\/form>\n<style>\ndiv#loginForm {<br \/>\n    display: none;<br \/>\n}<br \/>\n<\/style>\n<hr \/>\n<h4>Acceso al Sistema de Monitoreo para Administradores<\/h4>\n<p>Para acceder al sistema de Monitoreo, por favor utilice el siguiente formulario. Recuerde proveer sus credenciales de administrador de la plataforma.<\/p>\n<form id=\"vcomLogin\" accept-charset=\"UTF-8\" action=\"https:\/\/www1.meteocontrol.de\/vcom\/login\/process\" method=\"post\" target=\"_blank\"><label for=\"vcomUsername\">Nombre de Usuario<\/label><br \/>\n<input id=\"vcomUsername\" maxlength=\"50\" name=\"username\" type=\"text\" \/><br \/>\n<label for=\"vcomPassword\">Contrase\u00f1a<\/label><br \/>\n<input id=\"vcomPassword\" maxlength=\"50\" name=\"password\" type=\"password\" \/><br \/>\n<input type=\"submit\" value=\"Acceder\" \/><\/form>\n<p>&nbsp;<\/p>\n","protected":false},"excerpt":{"rendered":"<p>Acceso P\u00fablico al Sistema de Monitoreo Para acceder al perfil p\u00fablico de la Plataforma de Monitoreo, por favor haga click en el siguiente bot\u00f3n de acceso Acceso al Sistema de Monitoreo para Administradores Para acceder al sistema de Monitoreo, por<a href=\"https:\/\/techossolares.minenergia.cl\/?page_id=3729\" rel=\"nofollow\">&#8230;Leer mas<\/a><\/p>\n","protected":false},"author":3,"featured_media":0,"parent":0,"menu_order":0,"comment_status":"closed","ping_status":"closed","template":"","meta":{"inline_featured_image":false,"footnotes":""},"class_list":["post-3729","page","type-page","status-publish","hentry"],"_links":{"self":[{"href":"https:\/\/techossolares.minenergia.cl\/index.php?rest_route=\/wp\/v2\/pages\/3729","targetHints":{"allow":["GET"]}}],"collection":[{"href":"https:\/\/techossolares.minenergia.cl\/index.php?rest_route=\/wp\/v2\/pages"}],"about":[{"href":"https:\/\/techossolares.minenergia.cl\/index.php?rest_route=\/wp\/v2\/types\/page"}],"author":[{"embeddable":true,"href":"https:\/\/techossolares.minenergia.cl\/index.php?rest_route=\/wp\/v2\/users\/3"}],"replies":[{"embeddable":true,"href":"https:\/\/techossolares.minenergia.cl\/index.php?rest_route=%2Fwp%2Fv2%2Fcomments&post=3729"}],"version-history":[{"count":54,"href":"https:\/\/techossolares.minenergia.cl\/index.php?rest_route=\/wp\/v2\/pages\/3729\/revisions"}],"predecessor-version":[{"id":4598,"href":"https:\/\/techossolares.minenergia.cl\/index.php?rest_route=\/wp\/v2\/pages\/3729\/revisions\/4598"}],"wp:attachment":[{"href":"https:\/\/techossolares.minenergia.cl\/index.php?rest_route=%2Fwp%2Fv2%2Fmedia&parent=3729"}],"curies":[{"name":"wp","href":"https:\/\/api.w.org\/{rel}","templated":true}]}}