{"id":962,"date":"2017-04-04T12:33:41","date_gmt":"2017-04-04T12:33:41","guid":{"rendered":"https:\/\/techossolares.minenergia.cl\/?page_id=962"},"modified":"2017-05-08T15:19:16","modified_gmt":"2017-05-08T15:19:16","slug":"region-del-maule","status":"publish","type":"page","link":"https:\/\/techossolares.minenergia.cl\/?page_id=962","title":{"rendered":"Regi\u00f3n del Maule"},"content":{"rendered":"<p>La Regi\u00f3n del Maule se sit\u00faa desde los 34\u00b041&#8242; hasta los 36\u00b033&#8242; de latitud sur, y desde los 70\u00b020&#8242; longitud oeste hasta el Oc\u00e9ano Pac\u00edfico, totalizando una superficie de 30.296 kil\u00f3metros cuadrados.<\/p>\n<p>Encabezada por Talca, su capital regional, se organiza en las provincias de Cauquenes, Curic\u00f3, Linares y Talca.<\/p>\n<p>El Programa Techos Solares P\u00fablicos benefici\u00f3 con la instalaci\u00f3n de sistemas de energ\u00eda solar fotovoltaica a los siguientes establecimientos p\u00fablicos de la comuna de Parral: el CESFAM Arra\u00fa M\u00e9ndez, el Gimnasio Municipal Manuel Esc\u00e1rate, el Edificio Consistorial, el Liceo Federico Heise, la Escuela Arra\u00fa Mendez, el Juzgado de Garant\u00eda, el Juzgado de Familia y el Hospital San Jos\u00e9. En la zona de San Clemente, los establecimientos p\u00fablicos beneficiados fueron: el CESFAM Dr. Juan Carlos Baeza, el CECOSF Chile Nuevo, el Edificio Consistorial de la Municipalidad, la Escuela Diferencial San Clemente y la Escuela Pehuenche. Sucesivamente en la comuna de Cauquenes se ha beneficiado al Hospital, al Centro Penitenciario y al Centro de Salud Ricardo Vald\u00e9s. Por \u00faltimo, tambi\u00e9n se ha favorecido al edificio de la Telet\u00f3n de Talca.<\/p>\n<p>La energ\u00eda solar a generar por estos 17 establecimientos lograr\u00e1 cubrir, en promedio, el 51% de sus necesidades energ\u00e9ticas. A la vez, gracias a la Ley de Generaci\u00f3n Distribuida (Ley 20.571), los excedentes energ\u00e9ticos pueden ser inyectados a la red de distribuci\u00f3n el\u00e9ctrica.<\/p>\n<p>Anualmente estos sistemas fotovoltaicos generan 621.324 kWh, logrando un ahorro anual estimado de $ 55.729.516 para los establecimientos y evitando la emisi\u00f3n de 215 toneladas de CO2eq\/a\u00f1o, en beneficio de los 1.050.322 ciudadanos de la regi\u00f3n.<\/p>\n","protected":false},"excerpt":{"rendered":"<p>La Regi\u00f3n del Maule se sit\u00faa desde los 34\u00b041&#8242; hasta los 36\u00b033&#8242; de latitud sur, y desde los 70\u00b020&#8242; longitud oeste hasta el Oc\u00e9ano Pac\u00edfico, totalizando una superficie de 30.296 kil\u00f3metros cuadrados. Encabezada por Talca, su capital regional, se organiza<a href=\"https:\/\/techossolares.minenergia.cl\/?page_id=962\" rel=\"nofollow\">&#8230;Leer mas<\/a><\/p>\n","protected":false},"author":3,"featured_media":3434,"parent":0,"menu_order":0,"comment_status":"closed","ping_status":"closed","template":"region_grid_bootstrap.php","meta":{"inline_featured_image":false,"footnotes":""},"class_list":["post-962","page","type-page","status-publish","has-post-thumbnail","hentry"],"_links":{"self":[{"href":"https:\/\/techossolares.minenergia.cl\/index.php?rest_route=\/wp\/v2\/pages\/962","targetHints":{"allow":["GET"]}}],"collection":[{"href":"https:\/\/techossolares.minenergia.cl\/index.php?rest_route=\/wp\/v2\/pages"}],"about":[{"href":"https:\/\/techossolares.minenergia.cl\/index.php?rest_route=\/wp\/v2\/types\/page"}],"author":[{"embeddable":true,"href":"https:\/\/techossolares.minenergia.cl\/index.php?rest_route=\/wp\/v2\/users\/3"}],"replies":[{"embeddable":true,"href":"https:\/\/techossolares.minenergia.cl\/index.php?rest_route=%2Fwp%2Fv2%2Fcomments&post=962"}],"version-history":[{"count":1,"href":"https:\/\/techossolares.minenergia.cl\/index.php?rest_route=\/wp\/v2\/pages\/962\/revisions"}],"predecessor-version":[{"id":964,"href":"https:\/\/techossolares.minenergia.cl\/index.php?rest_route=\/wp\/v2\/pages\/962\/revisions\/964"}],"wp:featuredmedia":[{"embeddable":true,"href":"https:\/\/techossolares.minenergia.cl\/index.php?rest_route=\/wp\/v2\/media\/3434"}],"wp:attachment":[{"href":"https:\/\/techossolares.minenergia.cl\/index.php?rest_route=%2Fwp%2Fv2%2Fmedia&parent=962"}],"curies":[{"name":"wp","href":"https:\/\/api.w.org\/{rel}","templated":true}]}}